ue
Is 8021951193 composite?
True
Is 2077379333 composite?
True
Is 1197569134 a prime number?
False
Is 727943407 composite?
True
Is 132448196383 composite?
False
Is 2553562885 composite?
True
Is 16098214177 a composite number?
True
Is 4497514303 composite?
False
Is 187764700531 a prime number?
False
Is 225834717813 composite?
True
Is 9205578689 a composite number?
True
Is 1842962441 prime?
False
Is 605684897 composite?
False
Is 3168301769 a prime number?
True
Is 608476821 prime?
False
Is 66262057018 composite?
True
Is 906498689 prime?
False
Is 4713166943 a composite number?
True
Is 1227840197 prime?
False
Is 9549052153 a composite number?
True
Is 301039549 a prime number?
False
Is 365587049 prime?
False
Is 2629398103 a composite number?
True
Is 69575750063 prime?
False
Is 8688367 a composite number?
True
Is 18748478873 prime?
True
Is 46598299903 prime?
False
Is 952595549 prime?
True
Is 3790651339 composite?
False
Is 839007727 a composite number?
False
Is 167455217 prime?
False
Is 2908231 a prime number?
False
Is 7606051421 a composite number?
True
Is 1103902627 a composite number?
True
Is 861830185 a prime number?
False
Is 1835518481 a composite number?
False
Is 13672505911 a composite number?
True
Is 8612669447 composite?
True
Is 7754107169 a prime number?
True
Is 1693040443 a composite number?
True
Is 818789431 a prime number?
False
Is 5245529735 a composite number?
True
Is 80391866983 a composite number?
True
Is 8603171117 composite?
True
Is 35663770151 composite?
False
Is 402886381 a prime number?
True
Is 66032357851 a composite number?
False
Is 1541198173 a composite number?
False
Is 15361134883 composite?
True
Is 40021160129 prime?
False
Is 15063030562 a prime number?
False
Is 394451598457 prime?
False
Is 17867327477 a composite number?
False
Is 54720711677 a composite number?
False
Is 383823863 a composite number?
False
Is 2017378123 prime?
False
Is 213685158829 prime?
True
Is 6202127291 composite?
False
Is 9467136149 composite?
True
Is 3914231 a composite number?
True
Is 3975710897 a prime number?
True
Is 3002668871 a prime number?
True
Is 2963437271 prime?
False
Is 9445057987 a prime number?
True
Is 2448066889 prime?
True
Is 37104781717 composite?
True
Is 9992973499 a composite number?
False
Is 1391700133 prime?
True
Is 393606443 a prime number?
True
Is 2357819833 a prime number?
True
Is 6456855467 a prime number?
True
Is 476467289 a composite number?
False
Is 7417963973 a prime number?
False
Is 2434481099 a prime number?
True
Is 367174459 a composite number?
True
Is 187974258257 prime?
True
Is 3611794971 a composite number?
True
Is 31189828015 a composite number?
True
Is 17957821 a prime number?
False
Is 1230094123 composite?
False
Is 2134924501 a prime number?
False
Is 202776059 prime?
False
Is 2796467209 prime?
False
Is 1281436027 a prime number?
True
Is 230694295045 prime?
False
Is 2490015049 composite?
True
Is 54760783279 composite?
True
Is 2825023301 composite?
True
Is 34910642771 a composite number?
False
Is 151537747 prime?
True
Is 6166767389 composite?
False
Is 4125192529 composite?
True
Is 5443025683 composite?
True
Is 1718487289 composite?
False
Is 3488016283 a composite number?
False
Is 99013079 a composite number?
True
Is 626821597 prime?
False
Is 124138227673 composite?
True
Is 50409520387 a prime number?
True
Is 3712609581 a prime number?
False
Is 65446688423 a composite number?
False
Is 60791428781 prime?
True
Is 1384012757 prime?
True
Is 8931350171 a prime number?
True
Is 4246807753 a composite number?
True
Is 57641132771 a prime number?
True
Is 1607827171 a prime number?
True
Is 5793730193 prime?
False
Is 2117552599 a composite number?
True
Is 6303918421 composite?
True
Is 139175193 prime?
False
Is 31297079818 prime?
False
Is 149654171 a prime number?
False
Is 940740649 prime?
False
Is 2509505485 a prime number?
False
Is 16067215169 prime?
False
Is 44826359905 prime?
False
Is 13094071691 a prime number?
True
Is 1933748911 prime?
False
Is 2247796063 a prime number?
False
Is 2110100159 composite?
True
Is 4464498047 prime?
True
Is 24193488017 a prime number?
True
Is 1841373167 a composite number?
False
Is 75311586503 composite?
True
Is 2418620363 a composite number?
False
Is 53488703 a prime number?
False
Is 27274451 a prime number?
False
Is 25212205103 composite?
False
Is 1693315495 a prime number?
False
Is 1057568411 a prime number?
False
Is 283956441 a composite number?
True
Is 4663761703 a prime number?
False
Is 22688408957 a prime number?
True
Is 91378127 composite?
False
Is 18952233463 a prime number?
True
Is 54895267321 composite?
False
Is 18920031653 composite?
False
Is 872529061 prime?
False
Is 39457680989 prime?
False
Is 1735741717 composite?
False
Is 1201791517 prime?
False
Is 3783348017 composite?
False
Is 33345246653 a composite number?
True
Is 7703216917 a prime number?
False
Is 2638339883 a composite number?
True
Is 44968612061 prime?
False
Is 3778788103 composite?
False
Is 4022303711 a prime number?
True
Is 7654538587 prime?
True
Is 4757807269 composite?
False
Is 415089361 a composite number?
True
Is 5227974559 a composite number?
True
Is 6963940043 a composite number?
False
Is 1754965903 composite?
False
Is 145247056733 a composite number?
False
Is 10370932777 prime?
True
Is 1419918589 composite?
False
Is 1327341581 a composite number?
False
Is 295935491 composite?
False
Is 62281805411 prime?
False
Is 567753829 prime?
True
Is 226202589707 a composite number?
False
Is 108131801 a composite number?
True
Is 11401107 a composite number?
True
Is 362285213 composite?
True
Is 196284161 composite?
False
Is 97596263 a composite number?
False
Is 20669236163 prime?
False
Is 6761873491 prime?
True
Is 91127891 composite?
True
Is 652204511 a composite number?
True
Is 291848867 composite?
False
Is 122886141943 prime?
True
Is 699478693 composite?
True
Is 1841130163 a prime number?
False
Is 1123971137 composite?
False
Is 27221176513 composite?
False
Is 91127867 a prime number?
True
Is 10158157181 composite?
False
Is 301622822381 composite?
False
Is 33588373171 composite?
True
Is 3491885263 a prime number?
True
Is 24181581883 composite?
False
Is 722642167 composite?
True
Is 93494959 a composite number?
False
Is 959949361 prime?
False
Is 204596545 a prime number?
False
Is 187509001 a prime number?
False
Is 569316317 a prime number?
True
Is 132074873 prime?
False
Is 52712892457 a prime number?
False
Is 1921028017 composite?
False
Is 188187451 a composite number?
False
Is 130177843 prime?
False
Is 5478134083 a prime number?
True
Is 4286011265 a composite number?
True
Is 31011053 a composite number?
True
Is 45845995859 a composite number?
True
Is 3546165823 a prime number?
True
Is 778572803 composite?
False
Is 1977573487 a prime number?
False
Is 2779872761 a composite number?
True
Is 1417040809 a composite number?
True
Is 3967065229 a composite number?
False
Is 3372461669 composite?
False
Is 72842201 composite?
False
Is 1368594391 prime?
False
Is 88207058 a prime number?
False
Is 505760917 prime?
True
Is 24669125273 a prime number?
False
Is 14255010241 composite?
False
Is 19017647791 prime?
True
Is 457573928831 prime?
False
Is 26973583859 a composite number?
False
Is 325719493 a composite number?
True
Is 15502111181 composite?
True
Is 1122601211 a prime number?
True
Is 6577470101 prime?
True
Is 79505005931 composite?
True
Is 1111176037 composite?
False
Is 9421312139 prime?
True
Is 9269710427 composite?
True
Is 74388533507 a composite number?
True
Is 176778390073 a composite number?
True
Is 20620783 a prime number?
True
Is 3603657947 a composite number?
False
Is 2511173023 a composite number?
True
Is 2909635307 a prime number?
True
Is 19959347 composite?
True
Is 658365791 a composite number?
False
Is 3350642045 a prime number?
False
Is 2322983561 composite?
False
Is 1816815311 a prime number?
True
Is 1913846069 a composite number?
False
Is 33164517697 composite?
False
Is 4984023869 a composite number?
True
Is 184548212209 composite?
False
Is 9309622613 composite?
True
Is 209851391 a prime number?
True
Is 260918027 composite?
False
Is 843580841 prime?
True
Is 1863186029 a composite number?
True
Is 15413451653 prime?
True
Is 4571224799 composite?
True
Is 121659619 composite?
True
Is 12664879849 prime?
True
Is 105580707377 c